 = 0. Let z = 3393 - y. What is the hundreds digit of z?
0
Let r(a) be the first derivative of -a**4/4 - 4*a**3/3 - 7*a**2/2 - 2*a + 27. What is the units digit of r(-3)?
0
Suppose 0 = 31*v - 32*v - 262. Suppose 3*a + 752 = -610. Let i = v - a. What is the tens digit of i?
9
Let z = 4377 + -3388. What is the hundreds digit of z?
9
Suppose -6*a = -2*a + 5*g - 450, 0 = a + 3*g - 116. Let n(j) = -51 - 43 - 10*j - 49 + j**2 + a. What is the units digit of n(16)?
3
Suppose -5*g = 2*g + 126. Let n be (-455)/(-2) - (-9)/g. Let p = n - 50. What is the hundreds digit of p?
1
Suppose -478*k - 60165 = -245*k - 248*k. What is the hundreds digit of k?
0
Let o(i) = 76*i**2 + 42*i - 17. What is the units digit of o(4)?
7
Suppose -a - 2*h = -4116, 5*a - 2*h - 9697 = 10847. What is the units digit of a?
0
Let r = -36 - -36. Suppose 4*x + 5*u - 47 + 9 = r, -5 = -x + u. Suppose p - 5*i + x*i - 59 = 0, -5*i - 262 = -4*p. What is the units digit of p?
3
Let x = -697 + 701. Let p(k) = 354*k - 153. What is the hundreds digit of p(x)?
2
Let r(u) = -61*u**3 + 2*u**2 + 50*u - 24. What is the units digit of r(-7)?
7
Suppose -85*u - 503401 = -234*u + 21079. What is the hundreds digit of u?
5
Suppose -30*y + 170 = -25*y. Let q be ((-34)/51)/((-2)/78). Suppose -y*a + 33*a = -q. What is the tens digit of a?
2
Suppose -992511 = -138*g - 180519. What is the units digit of g?
4
Let n be (0 - 1) + 333/9. Suppose n + 90 = 3*m. Suppose -5*a + 302 = m. What is the units digit of a?
2
Let k(o) = o**3 + 3*o**2 + 2. Let v(g) = -3*g**3 - 10*g**2 - 7. Let f(s) = -8*k(s) - 3*v(s). Let m be f(-5). What is the tens digit of 5/m*-4*339/(-2)?
1
Suppose 0*t - 4428 = -18*t. Suppose 0*v + t = 3*v. What is the units digit of v?
2
Let y(r) = 225*r**3 - 8*r**2 - 18*r + 85. What is the thousands digit of y(6)?
8
Suppose 0 = -2*f - 5*s + 158, -5*f = -4*f + s - 76. Let n = f + -71. Suppose -5*z + 2*l = -n*l - 275, -55 = -z + 5*l. What is the units digit of z?
5
Let b(d) = 12*d**3 - 8 - 33*d**3 + 5*d + 22*d**3 + 1 - 3*d**2. What is the units digit of b(9)?
4
Let r = -69 + 66. Let u(l) = -10*l + 3. What is the tens digit of u(r)?
3
Let p = -382 - -360. Let r = p - -275. What is the units digit of r?
3
Suppose 0 = 10*r - 5 + 5. Suppose -4*j + 218 = -r*u - 5*u, 0 = 5*j + 15. What is the hundreds digit of ((-12)/7 + 0)*4347/u?
1
Suppose 29 = -4*n - 195. Let p = n - -52. What is the units digit of 80 + (4 - 2) + p?
8
Let u(g) be the first derivative of -g**3/3 + 3*g**2 - 7*g - 12. Let b be u(5). What is the units digit of 1/((-2)/((-18)/(b + 3)))?
9
Suppose 33 - 153 = -y + 4*k, y + k = 105. Let u = 110 - y. Suppose 19 = -u*p + 131. What is the units digit of p?
6
Let t(w) = 4*w**2 + 2*w + 6. Let m be t(-7). Let b = m + -163. What is the tens digit of b?
2
Suppose 0*x - 5*g + 95 = 3*x, g = 5*x - 177. Suppose -x = 2*f - 117. Let t = -14 + f. What is the tens digit of t?
2
Suppose -p - 7*q = -3*q + 9, -5*p + 9 = 2*q. Let b be p/(-12) - 429/12. What is the units digit of (-36)/54*(b + (-1 - -1))?
4
Suppose -8*y + 6*y + 12 = 0. Let m(p) = -2*p**2 + 11*p + 6. Let f be m(y). Suppose 3*z - 45 - 69 = f. What is the tens digit of z?
3
Suppose -101 = -10*g + 629. Let j = g + 163. What is the hundreds digit of j?
2
Let b(q) = q**3 + 18*q**2 + 35*q - 4. Let y be b(-8). Let o = 12 + 5. Suppose o*a - y = 15*a. What is the tens digit of a?
7
What is the ten thousands digit of (-455088)/(-21) + 2*21/(-49)?
2
Let g be 16533/15 - 3/15. Let w = g + -674. Suppose 7*z - 3*z = w. What is the tens digit of z?
0
Suppose 0 = -3*o - 15, x - 4*o = -1724 + 16608. What is the units digit of x?
4
Let u(n) = -10*n**2 + 19*n + 64. Let s(r) = r**2 + r - 1. Let b(k) = 18*s(k) + 2*u(k). What is the tens digit of b(29)?
5
Let o = -86 + 121. Suppose 0 = -2*l + 3*i + 392, -276*i + 12 = -273*i. Let q = l + o. What is the units digit of q?
7
Suppose 7*t + 2*t - 279 = 0. Let p be 1 + -10 + -1 + 4. What is the tens digit of (p - -6) + t + 1?
3
Suppose 2*r = 5*k + 2980, -58*r + k = -55*r - 4470. What is the hundreds digit of r?
4
Let a be (-1)/(((-22)/77)/((-48)/14)). Let c be (-6*(-3)/a)/(4/184). Let l = 294 + c. What is the units digit of l?
5
What is the thousands digit of 455931/189 - 1/3?
2
Suppose 0 = u + 10 - 274. Suppose -u = -3*a + 687. Suppose -11*s = -2 - a. What is the units digit of s?
9
Let f = -32 - -4. Let k = f + 210. Suppose -72*h + k = -70*h. What is the tens digit of h?
9
Let v be (28/21)/((-1)/(-3)). Let f = -947 + 950. Suppose f*c - 936 = -v*m + 2*c, -234 = -m - 4*c. What is the units digit of m?
4
Let c be (-1)/3 - 32/(-6). Suppose -q - 24 = -4*q. Suppose 2*o - 140 = -c*i, -3*o - 3*i - 288 = -q*o. What is the units digit of o?
0
Let d(p) = 7*p**2 - 4*p + 8. Let n(t) = 13*t**2 - 7*t + 16. Let l(g) = -11*d(g) + 6*n(g). Let v be l(-6). Let j = 59 - v. What is the tens digit of j?
2
Let w(i) = 2*i**2 - i - 30. Let n be w(-6). Let t = n - 43. Suppose -3*v - t*g = -77 - 30, 0 = 2*g + 10. What is the units digit of v?
4
Let f be -5*(-6)/(-30)*34. Let q = f + 555. What is the hundreds digit of q?
5
Let c be ((-12)/16)/((-12)/32). What is the units digit of ((-27)/c)/(-7 - 212/(-32))?
6
Let y = -10828 - -18894. What is the tens digit of y?
6
What is the units digit of (-1775)/(((5 - -3) + -5)*(-2)/12)?
0
Let l(f) = 95*f + 108. Let v be l(-16). What is the hundreds digit of 18 + -15 + -3*v/6?
7
Let c be 12 - 6/15*5. Let a be 2/(-3)*75/c. What is the tens digit of (6/a)/((-16)/1080)?
8
Let a be (10/30)/((-2)/(-30)). Suppose -w = a*y - 44, -12 = -7*w + 4*w. Suppose 286 = y*h - 226. What is the tens digit of h?
6
Let c(n) = 10*n**3 + n**2 - 8*n + 4. Let p = 159 - 156. What is the units digit of c(p)?
9
Let o = 726 - -1745. What is the units digit of o?
1
Let h(l) = 31*l**3 - 31*l**2 + 259*l - 5. What is the tens digit of h(8)?
5
Let h = -31102 + 33084. What is the hundreds digit of h?
9
Let d(m) be the first derivative of -6*m**2 + 6*m - 10 + 5*m**2 - 2*m + 7*m**2. What is the tens digit of d(7)?
8
Suppose -2*o = -34 + 26. Suppose 4*z = 2*y - 22 + 8, -15 = -5*z - o*y. What is the tens digit of 145/15*z*-9?
8
Let b = -23 - -15. Let j = b - -218. What is the units digit of j?
0
Suppose 4*r - 217 = -5*x, 5*x - x - 149 = 5*r. Suppose 0 = -u + 6 - x. Let z = u - -58. What is the units digit of z?
3
Let n(g) = 338*g**2 - 12*g - 16. What is the tens digit of n(-3)?
6
Suppose 2*r + 7370 = 3*r. Suppose -r = -2*y - 9*y. What is the hundreds digit of y?
6
Suppose 27822 = 6*p + 3252. What is the units digit of (-3)/9*p/(-3)?
5
Let a be 1717 - (-6)/24*-4. Let y = a - 965. What is the hundreds digit of y?
7
Let p(w) be the second derivative of -w**3/2 + 23*w**2/2 + 25*w. Let m(o) = -o. Let q(t) = -2*m(t) + p(t). What is the units digit of q(-11)?
4
Let i(p) = 69*p - 19. Let m be i(5). Suppose -m - 130 = -v. What is the tens digit of v?
5
What is the tens digit of 9 + 3764/4 + -5?
4
Suppose g + 2*g = -5*p - 987, p + 329 = -g. Let u = g + 608. What is the tens digit of u?
7
Suppose 0 = -3*x + 4*c + 84545 + 61185, 3*x + c - 145705 = 0. What is the tens digit of x?
7
Let x = -587 + 612. Suppose -3*g - 38 = -5*o + 115, -x = -o - 5*g. What is the units digit of o?
0
Suppose 2*u - 18*w + 23*w = 59744, -5*u + 149402 = 2*w. What is the hundreds digit of u?
8
Let y(v) = 4*v**3 - 38*v**2 + 3*v + 14. What is the thousands digit of y(17)?
8
Suppose 182*w - 166*w = 54160. What is the tens digit of w?
8
Let v(t) = -t**2 + 7*t + 2. Let q be v(6). Suppose 2*m - q = -0*m. Suppose 6 = o - 2*l, l + 27 + 25 = m*o. What is the units digit of o?
4
Let c = -115 - -185. Let t = -67 + c. Suppose 0*w + 6 = t*w, -y + 58 = w. What is the units digit of y?
6
Let k = -153 + 168. What is the tens digit of ((-5)/k)/(1/15) + 17?
1
Let o(c) = 5*c**3 - 11*c**2 + 11*c + 7. What is the tens digit of o(7)?
6
Let k(c) = c**2 - 2*c + 416. Let w be k(0). Suppose -w = -4*p + 2*m, -4*m + 14 - 6 = 0. What is the hundreds digit of p?
1
Suppose 6*q + 43*q = 235690. Suppose 5*b - q = -5*r, 0 = -b - 11 + 8. What is the hundreds digit of r?
9
What is the units digit of ((-1)/3 - -1)*4802*(-399)/(-76)?
7
Suppose 2*l = 32 + 4. Suppose l - 2 = s - 2*k, 2*s - k = 17. Suppose 11*j - s*j = 145. What is the tens digit of j?
2
Let t(b) = b**3 + 20*b**2 + 36*b + 2. Let g be t(-18). Suppose -14*v - g*n = -